What is the remainder when 961 is divided by 243?
232
Calculate the remainder when 1056 is divided by 105.
6
What is the remainder when 69 is divided by 25?
19
Calculate the remainder when 491 is divided by 102.
83
Calculate the remainder when 206 is divided by 35.
31
Calculate the remainder when 156 is divided by 20.
16
Calculate the remainder when 3342 is divided by 210.
192
What is the remainder when 48 is divided by 6?
0
What is the remainder when 124 is divided by 42?
40
What is the remainder when 11152 is divided by 39?
37
Calculate the remainder when 3324 is divided by 196.
188
What is the remainder when 70 is divided by 19?
13
What is the remainder when 157 is divided by 6?
1
Calculate the remainder when 8578 is divided by 44.
42
Calculate the remainder when 113 is divided by 29.
26
Calculate the remainder when 5624 is divided by 331.
328
Calculate the remainder when 319 is divided by 53.
1
What is the remainder when 116 is divided by 51?
14
Calculate the remainder when 85 is divided by 34.
17
Calculate the remainder when 3033 is divided by 138.
135
What is the remainder when 516 is divided by 174?
168
What is the remainder when 6027 is divided by 45?
42
What is the remainder when 23169 is divided by 14?
13
What is the remainder when 1079 is divided by 44?
23
What is the remainder when 409 is divided by 69?
64
What is the remainder when 1023 is divided by 57?
54
Calculate the remainder when 1965 is divided by 655.
0
Calculate the remainder when 2022 is divided by 52.
46
Calculate the remainder when 97 is divided by 14.
13
What is the remainder when 221 is divided by 77?
67
Calculate the remainder when 855 is divided by 141.
9
What is the remainder when 163 is divided by 51?
10
What is the remainder when 441 is divided by 12?
9
What is the remainder when 2011 is divided by 84?
79
Calculate the remainder when 247 is divided by 65.
52
What is the remainder when 44 is divided by 26?
18
Calculate the remainder when 11337 is divided by 21.
18
Calculate the remainder when 444 is divided by 16.
12
What is the remainder when 583 is divided by 142?
15
What is the remainder when 1050 is divided by 32?
26
What is the remainder when 6656 is divided by 15?
11
What is the remainder when 52 is divided by 19?
14
Calculate the remainder when 569 is divided by 31.
11
What is the remainder when 118 is divided by 37?
7
Calculate the remainder when 1294 is divided by 48.
46
Calculate the remainder when 493 is divided by 36.
25
Calculate the remainder when 48 is divided by 37.
11
What is the remainder when 23 is divided by 10?
3
Calculate the remainder when 51 is divided by 26.
25
What is the remainder when 150 is divided by 5?
0
What is the remainder when 48 is divided by 14?
6
What is the remainder when 199 is divided by 10?
9
What is the remainder when 407 is divided by 230?
177
Calculate the remainder when 281 is divided by 62.
33
What is the remainder when 2667 is divided by 5?
2
What is the remainder when 286 is divided by 93?
7
What is the remainder when 63 is divided by 8?
7
What is the remainder when 208 is divided by 66?
10
Calculate the remainder when 284 is divided by 9.
5
Calculate the remainder when 446 is divided by 116.
98
Calculate the remainder when 66 is divided by 14.
10
Calculate the remainder when 328 is divided by 15.
13
What is the remainder when 805 is divided by 205?
190
Calculate the remainder when 1696 is divided by 206.
48
What is the remainder when 420 is divided by 48?
36
What is the remainder when 1106 is divided by 29?
4
What is the remainder when 16227 is divided by 10?
7
Calculate the remainder when 1053 is divided by 386.
281
What is the remainder when 31 is divided by 10?
1
Calculate the remainder when 36 is divided by 27.
9
What is the remainder when 1090 is divided by 345?
55
What is the remainder when 30 is divided by 3?
0
What is the remainder when 324 is divided by 124?
76
Calculate the remainder when 783 is divided by 167.
115
What is the remainder when 1576 is divided by 20?
16
Calculate the remainder when 260 is divided by 161.
99
Calculate the remainder when 250 is divided by 245.
5
What is the remainder when 2372 is divided by 113?
112
What is the remainder when 39 is divided by 21?
18
What is the remainder when 310 is divided by 136?
38
What is the remainder when 34 is divided by 18?
16
Calculate the remainder when 29157 is divided by 40.
37
What is the remainder when 18610 is divided by 12?
10
Calculate the remainder when 339 is divided by 26.
1
What is the remainder when 445 is divided by 1?
0
What is the remainder when 1488 is divided by 376?
360
What is the remainder when 158 is divided by 4?
2
Calculate the remainder when 1455 is divided by 56.
55
What is the remainder when 1121 is divided by 161?
155
What is the remainder when 56 is divided by 44?
12
Calculate the remainder when 280 is divided by 104.
72
What is the remainder when 351 is divided by 220?
131
What is the remainder when 1535 is divided by 81?
77
What is the remainder when 108 is divided by 34?
6
Calculate the remainder when 174 is divided by 40.
14
What is the remainder when 116 is divided by 35?
11
Calculate the remainder when 265 is divided by 14.
13
Calculate the remainder when 719 is divided by 60.
59
What is the remainder when 170 is divided by 53?
11
What is the remainder when 96 is divided by 49?
47
Calculate the remainder when 1140 is divided by 26.
22
Calculate the remainder when 111 is divided by 54.
3
What is the remainder when 72 is divided by 49?
23
Calculate the remainder when 3473 is divided by 433.
9
Calculate the remainder when 406 is divided by 11.
10
What is the remainder when 1279 is divided by 599?
81
Calculate the remainder when 190 is divided by 96.
94
Calculate the remainder when 2409 is divided by 46.
17
What is the remainder when 689 is divided by 20?
9
Calculate the remainder when 648 is divided by 31.
28
What is the remainder when 2757 is divided by 7?
6
What is the remainder when 165 is divided by 56?
53
What is the remainder when 279 is divided by 24?
15
Calculate the remainder when 224 is divided by 72.
8
Calculate the remainder when 1862 is divided by 22.
14
Calculate the remainder when 3522 is divided by 4.
2
What is the remainder when 978 is divided by 324?
6
What is the remainder when 506 is divided by 323?
183
What is the remainder when 385 is divided by 26?
21
What is the remainder when 87 is divided by 37?
13
Calculate the remainder when 3327 is divided by 64.
63
Calculate the remainder when 248 is divided by 63.
59
What is the remainder when 1062 is divided by 14?
12
Calculate the remainder when 87 is divided by 26.
9
What is the remainder when 791 is divided by 12?
11
What is the remainder when 143 is divided by 19?
10
What is the remainder when 13 is divided by 3?
1
What is the remainder when 357 is divided by 33?
27
Calculate the remainder when 2205 is divided by 730.
15
Calculate the remainder when 389 is divided by 44.
37
Calculate the remainder when 194 is divided by 28.
26
What is the remainder when 9345 is divided by 14?
7
Calculate the remainder when 196 is divided by 12.
4
What is the remainder when 497 is divided by 49?
7
What is the remainder when 1471 is divided by 46?
45
What is the remainder when 2362 is divided by 471?
7
What is the remainder when 1419 is divided by 101?
5
Calculate the remainder when 248 is divided by 11.
6
Calculate the remainder when 82 is divided by 3.
1
What is the remainder when 123 is divided by 25?
23
What is the remainder when 53 is divided by 16?
5
What is the remainder when 4782 is divided by 55?
52
What is the remainder when 280 is divided by 143?
137
What is the remainder when 239 is divided by 222?
17
Calculate the remainder when 14942 is divided by 8.
6
What is the remainder when 129 is divided by 4?
1
What is the remainder when 241 is divided by 98?
45
What is the remainder when 266 is divided by 110?
46
Calculate the remainder when 13208 is divided by 14.
6
Calculate the remainder when 5045 is divided by 87.
86
Calculate the remainder when 1169 is divided by 258.
137
What is the remainder when 587 is divided by 98?
97
What is the remainder when 19 is divided by 6?
1
Calculate the remainder when 66 is divided by 37.
29
Calculate the remainder when 43